{"id":1699,"date":"2025-09-28T18:23:35","date_gmt":"2025-09-28T21:23:35","guid":{"rendered":"https:\/\/mammamucarnes.com\/?post_type=product&#038;p=1699"},"modified":"2026-04-29T07:45:38","modified_gmt":"2026-04-29T10:45:38","slug":"corderopatagonico","status":"publish","type":"product","link":"https:\/\/mammamucarnes.com\/?product=corderopatagonico","title":{"rendered":"CORDERO PATAG\u00d3NICO  x KG"},"content":{"rendered":"<pre>Imagen ilustrativa - Producto congelado<\/pre>\n<p data-start=\"136\" data-end=\"498\">\ud83e\udd69 <strong data-start=\"139\" data-end=\"169\">Cordero Patag\u00f3nico\u00a0<\/strong><br data-start=\"169\" data-end=\"172\" \/>El <strong data-start=\"175\" data-end=\"197\">Cordero Patag\u00f3nico<\/strong> es un producto premium que refleja la tradici\u00f3n y la riqueza de la Patagonia argentina. Criado en los campos abiertos de la regi\u00f3n, se destaca por su <strong data-start=\"348\" data-end=\"391\">carne suave, tierna y de sabor delicado<\/strong>, con un aroma natural inconfundible que lo convierte en un corte \u00fanico para los paladares m\u00e1s exigentes.<\/p>\n<p data-start=\"500\" data-end=\"917\">\ud83d\udd25 El producto congelado conserva su <strong data-start=\"539\" data-end=\"578\">frescura, jugos naturales y textura<\/strong>, el Cordero Patag\u00f3nico es ideal para <strong data-start=\"616\" data-end=\"670\">asados al horno, a la parrilla, estofados o guisos<\/strong>, adapt\u00e1ndose tanto a preparaciones cl\u00e1sicas como a platos gourmet. Su ternura y sabor intenso permiten tambi\u00e9n disfrutarlo en <strong data-start=\"797\" data-end=\"843\">piernas, paletas, costillares o medallones<\/strong>, logrando siempre una cocci\u00f3n uniforme y un resultado jugoso y sabroso.<\/p>\n","protected":false},"excerpt":{"rendered":"<pre>Imagen ilustrativa - Producto vendido congelado<\/pre>\n<p data-start=\"136\" data-end=\"498\">\ud83e\udd69 <strong data-start=\"139\" data-end=\"169\">Cordero Patag\u00f3nico\u00a0<\/strong><br data-start=\"169\" data-end=\"172\" \/>El <strong data-start=\"175\" data-end=\"197\">Cordero Patag\u00f3nico<\/strong> es un producto premium que refleja la tradici\u00f3n y la riqueza de la Patagonia argentina. Criado en los campos abiertos de la regi\u00f3n, se destaca por su <strong data-start=\"348\" data-end=\"391\">carne suave, tierna y de sabor delicado<\/strong>, con un aroma natural inconfundible que lo convierte en un corte \u00fanico para los paladares m\u00e1s exigentes.<\/p>\n<p data-start=\"500\" data-end=\"917\">\ud83d\udd25 El producto congelado conserva su <strong data-start=\"539\" data-end=\"578\">frescura, jugos naturales y textura<\/strong>, el Cordero Patag\u00f3nico es ideal para <strong data-start=\"616\" data-end=\"670\">asados al horno, a la parrilla, estofados o guisos<\/strong>, adapt\u00e1ndose tanto a preparaciones cl\u00e1sicas como a platos gourmet. Su ternura y sabor intenso permiten tambi\u00e9n disfrutarlo en <strong data-start=\"797\" data-end=\"843\">piernas, paletas, costillares o medallones<\/strong>, logrando siempre una cocci\u00f3n uniforme y un resultado jugoso y sabroso.<\/p>\n","protected":false},"featured_media":1702,"template":"","meta":[],"product_brand":[],"product_cat":[61],"product_tag":[],"class_list":{"0":"post-1699","1":"product","2":"type-product","3":"status-publish","4":"has-post-thumbnail","6":"product_cat-ovinos","8":"first","9":"instock","10":"shipping-taxable","11":"purchasable","12":"product-type-simple"},"jetpack_sharing_enabled":true,"_links":{"self":[{"href":"https:\/\/mammamucarnes.com\/index.php?rest_route=\/wp\/v2\/product\/1699","targetHints":{"allow":["GET"]}}],"collection":[{"href":"https:\/\/mammamucarnes.com\/index.php?rest_route=\/wp\/v2\/product"}],"about":[{"href":"https:\/\/mammamucarnes.com\/index.php?rest_route=\/wp\/v2\/types\/product"}],"wp:featuredmedia":[{"embeddable":true,"href":"https:\/\/mammamucarnes.com\/index.php?rest_route=\/wp\/v2\/media\/1702"}],"wp:attachment":[{"href":"https:\/\/mammamucarnes.com\/index.php?rest_route=%2Fwp%2Fv2%2Fmedia&parent=1699"}],"wp:term":[{"taxonomy":"product_brand","embeddable":true,"href":"https:\/\/mammamucarnes.com\/index.php?rest_route=%2Fwp%2Fv2%2Fproduct_brand&post=1699"},{"taxonomy":"product_cat","embeddable":true,"href":"https:\/\/mammamucarnes.com\/index.php?rest_route=%2Fwp%2Fv2%2Fproduct_cat&post=1699"},{"taxonomy":"product_tag","embeddable":true,"href":"https:\/\/mammamucarnes.com\/index.php?rest_route=%2Fwp%2Fv2%2Fproduct_tag&post=1699"}],"curies":[{"name":"wp","href":"https:\/\/api.w.org\/{rel}","templated":true}]}}